 - 3*z = -11 - 14. Suppose 2*u + s = g. List the prime factors of u.
2
Suppose -4*a - 89 = -5*w, -51 = -3*w + 5*a - 2*a. Suppose 0 = 3*v - 0*v + 39. Let p = v + w. List the prime factors of p.
2
Suppose 10 = 5*v, 5*v - 174 = 2*c - 3*c. What are the prime factors of c?
2, 41
Let x(r) = -r**3 - 4*r**2 + 5. Let v be x(-4). What are the prime factors of 77/v + (-2)/5?
3, 5
Suppose 210 = 3*q - 4*i, 0 = -2*i - i. What are the prime factors of q?
2, 5, 7
Let m be ((-15)/5)/(6/(-4)). Suppose m*f - 3*f = 0. Suppose -4*t + 11 + 13 = f. What are the prime factors of t?
2, 3
Let o(z) = -5*z**3 - 11*z**2 - 9*z - 14. Let a(g) = -14*g**3 - 33*g**2 - 28*g - 41. Let s(i) = 4*a(i) - 11*o(i). What are the prime factors of s(-10)?
2, 5
Suppose -53 = -w + 39. List the prime factors of w.
2, 23
Suppose -12 = 8*l - 9*l. Suppose 0 = -3*d + 2*d + l. Suppose -3*c + 7*c = d. What are the prime factors of c?
3
Let u = -16 - -153. What are the prime factors of u?
137
Let c(t) = 4*t - 4. Let w = -6 - -10. Let o = 8 - w. What are the prime factors of c(o)?
2, 3
Suppose -4*f - 4 = -5*f. Let k = -6 + f. Let q(h) = -6*h - 3. What are the prime factors of q(k)?
3
Let f(q) = 3*q + 1. Suppose -6 + 31 = 5*u. Suppose u*y - 10 = 2*v - 7*v, 0 = -4*y + 5*v + 35. What are the prime factors of f(y)?
2
Suppose 0*c + 3*h + 158 = 4*c, 4*h + 198 = 5*c. Suppose -c = -5*m + 17. What are the prime factors of m?
11
List the prime factors of 2 + 12/4 + 23.
2, 7
Suppose -3*y + 0*y + 39 = 0. What are the prime factors of y?
13
Suppose -z - 6*x = -2*x + 16, -x = 4. Suppose z = -b - 3*c + 38, -2*c + 112 = 4*b + 2*c. Let s = b + -14. List the prime factors of s.
3
Suppose -3*v = -4*v + 5. Let x(p) = -p + 10. Let a be x(v). Let k(d) = 2*d - 5. List the prime factors of k(a).
5
Let w = -2 + 7. Suppose 0 = -w*z - 4 + 89. What are the prime factors of z?
17
Let n = -28 + 191. What are the prime factors of n?
163
Let c(r) = r**2 - 4*r - 5. Let d be c(5). Let g(p) = -p**2 - p + 44. Let m be g(d). Suppose 5*j - 11 - m = 0. What are the prime factors of j?
11
Suppose z + 8 - 2 = 0. Let h be (-4)/z + (-183)/(-9). Suppose h = 3*l - 3. List the prime factors of l.
2
Suppose -191 = -2*m - 41. List the prime factors of m.
3, 5
Let u be (6/(-4))/(6/(-4)). Suppose c = -a + 6, 5*c + 4 = -u. What are the prime factors of a?
7
Let i be (0 - 3)*1 + 3. Suppose -x + 2*x + 4 = i. Let o = 1 - x. What are the prime factors of o?
5
Let o be (-150)/(-35) + (-2)/7. Suppose -23 = -o*c + 69. List the prime factors of c.
23
Suppose -24 = 3*w - 4*w. Suppose w = l - 0*l. Suppose -o = 5 - l. List the prime factors of o.
19
Suppose h + 2*q - 20 = 16, 3*h - 5*q = 53. List the prime factors of h.
2, 13
Suppose -4*y = y - 35. Let z = y - -5. List the prime factors of z.
2, 3
What are the prime factors of -7*(-4)/16*44?
7, 11
Let a = -7 - -99. What are the prime factors of a?
2, 23
Let k = -101 - -251. What are the prime factors of k?
2, 3, 5
Let g = -1 + 1. Let o(k) = k. Let s be o(3). Let t = s + g. List the prime factors of t.
3
Suppose 8*a = 18*a - 380. List the prime factors of a.
2, 19
Let q(x) = 13*x**2 + 21*x + 10. Let g(o) = -7 + o**2 - 8*o**2 - 11*o - 2 + 4. Let m(i) = 11*g(i) + 6*q(i). List the prime factors of m(-5).
5
Suppose -p - 2*p - 93 = -3*l, -4*l + 3*p + 120 = 0. Let s be (-3)/(-2) + l/6. Suppose 3*u - s = 12. List the prime factors of u.
2, 3
Suppose 2*u - 4*f = -8, -5*u - 4*f + 22 = -0*u. Let k be 12/(-3) + u + -3. Let s(z) = z**2 + 3*z - 2. List the prime factors of s(k).
2
Let h(c) = -2*c + 23. List the prime factors of h(4).
3, 5
Let m(b) = 11*b. Let l be m(-1). Let n = l + 17. Suppose -n = f - 2*f. What are the prime factors of f?
2, 3
Let x(y) = -y + 7. Let i be x(7). Suppose -u + 1 = i, -n + 3 = n - 5*u. List the prime factors of n.
2
Suppose -o - 4*o + 4 = -2*q, 3*q + 6 = 3*o. Suppose o = 4*u - 4, -3*c - 3*u + 18 = -6*u. List the prime factors of c.
7
Let q(d) = 4*d**2 - 4*d**2 + d + 19*d**2. What are the prime factors of q(1)?
2, 5
Let m(w) = -w**3 + 4. Let v be m(0). Let x = -4 + v. Suppose x = 2*a + 4*l + 12, -4*l + 22 = 3*a - 8*l. List the prime factors of a.
2
Let j(i) = -17*i**3 + 2*i**2 + i. Let d be j(-1). Let n be (0 - 3)*(5 + -6). Suppose -o = 5*c - 51, n*o + 16 = 2*c - d. List the prime factors of c.
11
Suppose -9*z + 1178 = -91. What are the prime factors of z?
3, 47
Suppose 0 = 2*a + 2*a. Suppose j - 16 - 11 = a. Suppose p = -r + 2, j = -5*p + 2. What are the prime factors of r?
7
Let y be (0 - (-2 - -4)) + 17. Suppose -2*b - y = -7*b. Suppose z - 2*p - 3 = -2, 11 = z + b*p. List the prime factors of z.
5
Suppose a + 9 = -3*u, -3*a + u + 5 = 2*u. Suppose -a*b = b. Suppose f - 3 - 2 = b. What are the prime factors of f?
5
Let h be ((-4)/1)/(1 - 3). Let k be (8/(-12))/(h/(-15)). Suppose -f + 5*y + 4 + 1 = 0, -4*y - 25 = -k*f. List the prime factors of f.
5
Let z(p) = 0*p**2 - 11 + 7 + 8*p - p**2. Let d(b) = -b**2 + 4*b + 1. Let a be d(2). List the prime factors of z(a).
11
Suppose 0 = 2*d + d - 48. Let v = 23 - d. List the prime factors of v.
7
Let a = -4 - -5. Let s = -1 + a. Suppose s*d = -d + 6. What are the prime factors of d?
2, 3
Let t(z) = -z + 3*z**2 + 1 + 1 + 1. List the prime factors of t(3).
3
Let h = -7 + 11. Suppose 2*k = -6, k + 2 = 5*c + h. Let z(o) = -18*o**3 - o**2 + 1. List the prime factors of z(c).
2, 3
Let u(v) = -v**3 + 8*v**2 + v + 6. Let o be u(8). Let t(z) = -z**2 - 4*z + 1. Let c be t(-5). Let a = c + o. What are the prime factors of a?
2, 5
Let s(i) = -4*i**2 + 3*i**2 + 3*i + 3 - 5 - i**3. Let d be s(-3). Let l(b) = -b**2 + 10*b - 10. List the prime factors of l(d).
11
Suppose -3*t + 2*z + 1 = 0, 4*t + 5*z - 28 = z. Let o = t + -3. Suppose 2*b - 2 - 12 = o. What are the prime factors of b?
7
What are the prime factors of (3 - (-76)/10) + (-6)/10?
2, 5
Suppose -53 = -4*q - 5. Let i = q + -2. What are the prime factors of i?
2, 5
Let k = 426 - 262. What are the prime factors of k?
2, 41
Suppose 0 = -5*p + 1 - 16, -4*a = 3*p - 3. Suppose -a*h - 2*h = -35. What are the prime factors of h?
7
Let c = -4 - -7. Let o(b) = 13*b**2 + b**3 + b**3 + 8 - b**c + 0*b**3. What are the prime factors of o(-13)?
2
Suppose -g + q = -2*g + 22, g - 2*q = 13. Let r = g - 3. What are the prime factors of r?
2
Let g(s) = s**2 + 6*s + 4. Let b be g(-6). What are the prime factors of ((-16)/10)/(b/(-20))?
2
Let s be (-3)/2*10/15. Let z(c) = -c**3 + 1. Let i be z(s). Suppose -3*v - 1 = 5*x, 0*v - i*x = v + 2. List the prime factors of v.
2
Let p(b) = 4*b - 6. Suppose n - 4 = 1. List the prime factors of p(n).
2, 7
Let f(u) = -u**3 - 4*u**2 + u - 7. Let t be (-1 + 4)/(-6)*-10. Suppose -3*r = -4*r - t. List the prime factors of f(r).
13
Let n(d) = -3*d - 3. Suppose 3*b + 6 = -0. Let a be b + 1 - (-1)/(-1). What are the prime factors of n(a)?
3
Suppose 3*a - 3*p - 15 = 0, 5*p - 3 = -5*a + 12. Suppose 0 = 5*z + 4*b - 30, -a*b - 13 = -3*z + 5. Suppose -z = -f - 2*f. List the prime factors of f.
2
What are the prime factors of (-45)/(-6) + 4/(-8)?
7
Let p(s) = s**2 + s + 38. Suppose -5*o - b + 0 + 4 = 0, -3*o - 4*b + 16 = 0. List the prime factors of p(o).
2, 19
Suppose 0 = 5*m - 0 - 15. Suppose 7 = 2*f + m. What are the prime factors of 16 - (-1 + -1 + f)?
2
Suppose 2*g = -4, g = 6*d - 7*d + 233. List the prime factors of d.
5, 47
Let y(o) = o. Let p(i) = 4*i - 1. Let c(r) = 3*p(r) - 6*y(r). Let k = 22 - 20. List the prime factors of c(k).
3
Suppose 3*y = 2*l - 1, 4*l - 3 - 2 = 3*y. Suppose 0 = v - 5*p + 1, l*v - p + 2 = -0. What are the prime factors of (-2 - 8)*v/2?
5
Let k = 0 + 3. Suppose 0 = 2*r + k*r - 100. List the prime factors of r.
2, 5
Suppose 5 + 7 = 3*w. What are the prime factors of w?
2
Suppose -4*l + 2*d - 1 = -27, -2*d + 37 = 3*l. Suppose l*a = 4*a. Suppose 0 = 5*t - a*t - 15. What are the prime factors of t?
3
Let h be 1 - (-4 + 2/(-1)). Suppose 2*k = -0*k + 6. Suppose 2 + h = k*d. What are the prime factors of d?
3
Suppose k = -0*k. Suppose k*o = o - 44. Suppose -w + 11 = 5*a - o, 29 = 2*a - w. What are the prime factors of a?
2, 3
Let t = -4 - -31. List the prime factors of t.
3
Let m(b) = b**3 + 2*b**2 - 2*b + 3. Let f be m(-3). Suppose f = -5*i + 28 + 212. List the prime factors of i.
2, 3
Suppose -3*v = -6*v + 174. What are the prime factors of v?
2, 29
Let y(z) = z**3 + z**2 +